0 - -40202?
40232
In base 15, what is 824 + -2c?
7e7
In base 2, what is 10010110011 - -10100110?
10101011001
In base 14, what is 20 - -27b?
29b
In base 13, what is 1b2b1 + 2a?
1b30b
In base 16, what is -5 - -210?
20b
In base 12, what is a33 + -93?
960
In base 7, what is 1320305 - 0?
1320305
In base 8, what is -61 + 764?
703
In base 7, what is -213426 - -1?
-213425
In base 16, what is 2 - -26?
28
In base 12, what is 14 + -3337?
-3323
In base 16, what is cca0 - -5?
cca5
In base 4, what is -11 - 11332210?
-11332221
In base 15, what is -b + 3516c?
35161
In base 6, what is 12223 + -2321?
5502
In base 8, what is 33056 - -46?
33124
In base 13, what is 7c7 + -117?
6b0
In base 8, what is 41 + 110662?
110723
In base 3, what is -12020021101 + 111?
-12020020220
In base 11, what is aa449 - 3?
aa446
In base 2, what is 101 - -10001001111?
10001010100
In base 3, what is 12221221 + 212?
12222210
In base 9, what is -415252 + 0?
-415252
In base 12, what is -2 + -2275b3?
-2275b5
In base 16, what is -4 + -f4c?
-f50
In base 2, what is 1110001001111101 + -11?
1110001001111010
In base 4, what is 11031301 + 3?
11031310
In base 4, what is 2021 + -130213?
-122132
In base 14, what is -b2 - 373?
-445
In base 2, what is 11 - -1100110100011101010?
1100110100011101101
In base 14, what is -124bb - c?
-124c9
In base 14, what is 1d - -125d?
127c
In base 12, what is -4a + 52481?
52433
In base 16, what is -4b - -1256?
120b
In base 4, what is 11 - 2212200?
-2212123
In base 5, what is -11 - 2422413?
-2422424
In base 3, what is 22001000 - -22201?
22100201
In base 7, what is -6 - 350?
-356
In base 11, what is -4 - -59005?
59001
In base 4, what is -2023 + -32331?
-101020
In base 16, what is 33 - -47c?
4af
In base 12, what is -3 - -401a3a?
401a37
In base 10, what is 14674 - -7?
14681
In base 10, what is -231004 - 1?
-231005
In base 8, what is 76 - -52?
150
In base 10, what is 25844 - 3?
25841
In base 7, what is -560340 + -4?
-560344
In base 2, what is 11 + -101100001111?
-101100001100
In base 14, what is 11 + -9c?
-8b
In base 14, what is -1 + -3cdd4?
-3cdd5
In base 6, what is 22 - -312353?
312415
In base 9, what is -3008814 - 4?
-3008818
In base 6, what is 4 + -2535314?
-2535310
In base 13, what is -311356 + 4?
-311352
In base 9, what is -22884 + 4?
-22880
In base 6, what is 21135 + 21?
21200
In base 14, what is 45c8 - -4?
45cc
In base 5, what is 22 + 1044321?
1044343
In base 2, what is 101 + -10110001110111?
-10110001110010
In base 4, what is -13021212 + -3?
-13021221
In base 10, what is 588486 - 1?
588485
In base 4, what is 1013323100 - -1?
1013323101
In base 6, what is 1050045 - -10?
1050055
In base 6, what is -3 + -52211?
-52214
In base 11, what is -5988 + -5a?
-5a37
In base 15, what is b437eb + 3?
b437ee
In base 12, what is -178622 + -4?
-178626
In base 7, what is -526 + -2310?
-3136
In base 4, what is -20 + 22102021?
22102001
In base 6, what is -44504023 + 2?
-44504021
In base 16, what is 2dd - -39?
316
In base 11, what is 32 - -1756?
1788
In base 15, what is 5 + -4dd9?
-4dd4
In base 12, what is 180868 - -1?
180869
In base 16, what is -a43 + 6?
-a3d
In base 4, what is -13221220 - 2?
-13221222
In base 10, what is 51 + 870?
921
In base 5, what is -22 + -20321?
-20343
In base 2, what is -101110 + 110111100?
110001110
In base 12, what is 2 - -6939?
693b
In base 5, what is 11244004 + 4?
11244013
In base 16, what is 9ade - -3?
9ae1
In base 10, what is -4 + -21772?
-21776
In base 14, what is 2591a - 0?
2591a
In base 10, what is -3 + -594?
-597
In base 16, what is -6f1bb - 5?
-6f1c0
In base 2, what is 11 + 10000110001101000?
10000110001101011
In base 4, what is -31030 + -3?
-31033
In base 3, what is -20211 - 22122?
-120110
In base 5, what is -2110 - -2032?
-23
In base 4, what is -12 - 1201310132?
-1201310210
In base 2, what is -1101 + -10111011111?
-10111101100
In base 8, what is -4540 - -61?
-4457
In base 3, what is -2001121 - -2?
-2001112
In base 7, what is -56 - 26111?
-26200
In base 13, what is 4 - 15bc?
-15b8
In base 14, what is 8559 - -1?
855a
In base 16, what is -11f4f - -1?
-11f4e
In base 16, what is 2d - a0?
-73
In base 13, what is -2c - 11579?
-115a8
In base 5, what is 311344 - -4?
311403
In base 4, what is -22023 + 10010?
-12013
In base 12, what is 7b01a - 5?
7b015
In base 13, what is -25639 - 62?
-2569b
In base 6, what is 402140 - -2?
402142
In base 7, what is 11303 + -12?
11261
In base 6, what is 1342222 - -1?
1342223
In base 14, what is -b457 + 2a?
-b42b
In base 9, what is -3 + 57561?
57557
In base 6, what is -5 + -22134?
-22143
In base 9, what is -48581 - -40?
-48541
In base 8, what is -3010 - 64?
-3074
In base 2, what is -1010110111010110 + -100?
-1010110111011010
In base 5, what is -32404022 + 2?
-32404020
In base 8, what is -11 - -21020?
21007
In base 4, what is 1230132 - -10?
1230202
In base 5, what is -3 - 11433222?
-11433230
In base 7, what is 65 + 2313?
2411
In base 10, what is -113 + -907?
-1020
In base 2, what is 1000011011101010001010110 - 100?
1000011011101010001010010
In base 14, what is 3aa + b5?
481
In base 7, what is -13 + 506423?
506410
In base 3, what is -22 + -1010112222?
-1010120021
In base 2, what is 10011010100011010011 + 0?
10011010100011010011
In base 3, what is -222020 - -11001?
-211012
In base 2, what is -1011 - -100110011110101?
100110011101010
In base 4, what is -33 + -2303?
-3002
In base 10, what is -154 - -790?
636
In base 14, what is -4 - -840?
83a
In base 8, what is -2 + 117137?
117135
In base 16, what is -bb58 - 1?
-bb59
In base 6, what is 4 - -4015111?
4015115
In base 14, what is 6 + -11576?
-11570
In base 7, what is 56653 + 235?
60221
In base 5, what is -14 + 11304033?
11304014
In base 2, what is 1111 + -11111001111110?
-11111001101111
In base 7, what is -34312 - 1241?
-35553
In base 7, what is -5 - 114304?
-114312
In base 7, what is 1 + 31113?
31114
In base 11, what is 5561275 + 5?
556127a
In base 8, what is 1 - -207362?
207363
In base 10, what is 364 + 75?
439
In base 9, what is -280880 + 0?
-280880
In base 15, what is -2 + -3328?
-332a
In base 16, what is -1 + 1d2f?
1d2e
In base 8, what is 624 - -66?
712
In base 8, what is -1772566 - 11?
-1772577
In base 11, what is -209939 + 0?
-209939
In base 9, what is -5 - -362126?
362121
In base 4, what is -1112 - -201?
-311
In base 8, what is -330107 - 54?
-330163
In base 6, what is 1004253 - 145?
1004104
In base 7, what is -2000 - -6?
-1661
In base 9, what is -3 + 5267?
5264
In base 9, what is -70 + -1678?
-1758
In base 2, what is 100111100 - 1011111?
11011101
In base 9, what is 7 - 201480?
-201472
In base 11, what is -1 - -1a728?
1a727
In base 5, what is 244 + -2203?
-1404
In base 16, what is -2d + 376?
349
In base 10, what is 11802 - 0?
11802
In base 11, what is -3 + 14424?
14421
In base 11, what is -1 + -747a?
-7480
In base 14, what is -3 + -944a?
-944d
In base 6, what is 1 + -14552?
-14551
In base 9, what is 33 - 37776?
-37743
In base 16, what is 49 - 4a?
-1
In base 2, what is 100110111000010010 + -1000?
100110111000001010
In base 15, what is 7 - -2bb9b?
2bba3
In base 11, what is 68a8 - 46?
6862
In base 13, what is -4660 - -1b?
-4642
In base 12, what is -1 - 151b67?
-151b68
In base 10, what is 0 - 1897?
-1897
In base 7, what is -3 - 321223?
-321226
In base 10, what is 313 - 350?
-37
In base 15, what is -8 + 8ae?
8a6
In base 9, what is -117320 - 3?
-117323
In base 10, what is 3276193 + 1?
3276194
In base 5, what is -3 + -12403223?
-12403231
In base 6, what is -210401 - 4?
-210405
In base 6, what is 205 + -14140?
-13531
In base 12, what is 11 + -2192?
-2181
In base 9, what is -5122 - 14?
-5136
In base 9, what is -6 - 220426?
-220433
In base 9, what is 2424084 - 0?
2424084
In base 11, what is -4a6 - 441?
-937
In base 15, what is 1203d - e?
1202e
In base 8, what is -131 - -1216?
1065
In base 11, what is 2 + 7663?
7665
In base 15, what is 1 - 44220?
-4421e
In base 4, what is 231211212 - -11?
231211223
In base 4, what is -1131132 + 33?
-1131033
In base 8, what is 1 + 330133?
330134
In base 2, what is -1001111011001 - -1100111?
-1001101110010
In base 11, what is 335880 + -6?
335875
In base 3, what is -12 - 11201201?
-11201220
In base 14, what is -21cd69 - 3?
-21cd6c
In base 5, what is 402114120 + -4?
402114111
In base 7, what is -1322350 + -4?
-1322354
In base 6, what is 31502 + -14?
31444
In b